 and 34677109?
3097
Calculate the greatest common divisor of 16704 and 395136.
576
Calculate the highest common divisor of 3147 and 49354401.
3147
What is the highest common divisor of 34681 and 720717?
79
Calculate the greatest common factor of 12412372 and 30058.
1582
What is the highest common divisor of 93024 and 34160157?
2907
What is the greatest common divisor of 938 and 90249?
67
Calculate the highest common divisor of 43078 and 2361688.
2534
Calculate the greatest common factor of 72368 and 120198725.
4523
What is the greatest common divisor of 38 and 409250?
2
Calculate the greatest common divisor of 705 and 4078707.
141
What is the highest common divisor of 17229369 and 50439?
2967
Calculate the greatest common divisor of 4064 and 5758336.
32
Calculate the greatest common factor of 4488617 and 92302.
133
Calculate the highest common divisor of 21756812 and 143.
11
Calculate the highest common divisor of 160 and 677314960.
80
What is the highest common divisor of 1140 and 916655?
95
Calculate the highest common divisor of 20 and 2248355.
5
What is the greatest common factor of 15418 and 1846?
26
What is the greatest common divisor of 92 and 15181380?
92
What is the highest common divisor of 9300 and 86786825?
775
Calculate the greatest common divisor of 1380 and 1666740.
60
Calculate the highest common factor of 1762 and 58757414.
1762
Calculate the greatest common divisor of 674541 and 1260189.
5229
Calculate the highest common factor of 6255 and 4677489.
1251
What is the greatest common factor of 34104 and 1818996?
348
Calculate the greatest common divisor of 22691886 and 84.
42
What is the highest common divisor of 38542196 and 15895?
3179
What is the highest common factor of 152 and 3821451?
19
Calculate the greatest common factor of 1002153 and 16791.
87
Calculate the greatest common factor of 763464 and 6222721.
2447
Calculate the greatest common factor of 5368 and 13223092.
244
Calculate the greatest common factor of 2365420 and 8585.
505
Calculate the highest common divisor of 84703807 and 61.
61
Calculate the greatest common factor of 808000 and 352.
32
Calculate the greatest common factor of 41490 and 13170.
30
What is the greatest common divisor of 6584375 and 493750?
3125
Calculate the highest common divisor of 953322 and 10266.
354
What is the highest common divisor of 128 and 70169024?
64
What is the highest common divisor of 381 and 174067851?
381
What is the highest common divisor of 265 and 643459485?
265
What is the highest common divisor of 404 and 4498136?
404
What is the greatest common factor of 2029099 and 74407?
2011
Calculate the greatest common divisor of 1929456801 and 27.
27
Calculate the greatest common factor of 424686 and 30414.
222
What is the greatest common divisor of 144168 and 200?
8
What is the greatest common divisor of 78877059 and 4743?
51
Calculate the greatest common factor of 410539 and 1412.
353
Calculate the highest common divisor of 5922 and 19677.
21
What is the highest common divisor of 676 and 325081978?
338
Calculate the greatest common factor of 851 and 289187671.
851
Calculate the greatest common factor of 2721 and 128842071.
2721
Calculate the greatest common divisor of 11660 and 2237660.
1060
What is the highest common divisor of 118 and 61318346?
118
Calculate the greatest common divisor of 2082860 and 140.
20
What is the highest common divisor of 9668688 and 102992?
2512
Calculate the greatest common factor of 184 and 873513780.
92
What is the highest common divisor of 331392 and 2336?
32
What is the highest common divisor of 37328 and 449968?
16
What is the greatest common divisor of 778542394 and 14084?
7042
What is the highest common factor of 9330 and 88351368?
1866
Calculate the greatest common divisor of 6 and 50866038.
6
Calculate the greatest common factor of 248778 and 5151.
51
What is the highest common divisor of 17287 and 314096?
293
What is the highest common divisor of 1179 and 22225984?
131
Calculate the greatest common divisor of 2936789 and 332.
83
Calculate the greatest common factor of 873 and 163611.
9
What is the greatest common factor of 108 and 3599172?
36
Calculate the highest common factor of 155350 and 9850.
50
Calculate the highest common divisor of 357 and 41452851.
51
Calculate the greatest common factor of 41038 and 234158.
2414
Calculate the highest common divisor of 10253698 and 265.
53
What is the greatest common divisor of 308440 and 28820?
220
Calculate the highest common factor of 273285369 and 126.
63
Calculate the greatest common divisor of 19200 and 212923200.
4800
Calculate the highest common divisor of 848 and 387424.
16
Calculate the greatest common divisor of 26676 and 88686.
234
What is the highest common divisor of 30057 and 2213382?
129
What is the highest common divisor of 20209016 and 72?
8
What is the greatest common divisor of 591 and 10964823?
591
What is the highest common factor of 9809293 and 3657?
1219
What is the greatest common divisor of 33882883 and 4954?
2477
What is the greatest common factor of 11190448 and 2979?
331
What is the highest common divisor of 13792344 and 8664?
24
Calculate the highest common factor of 45 and 109069992.
9
What is the highest common divisor of 1547 and 18018266?
119
What is the greatest common factor of 28248 and 2398298?
214
Calculate the greatest common divisor of 3278 and 827.
1
Calculate the highest common divisor of 112 and 13703158.
14
Calculate the highest common divisor of 108858813 and 3444.
861
What is the highest common divisor of 597831469 and 867?
289
Calculate the greatest common divisor of 986148 and 30084.
276
Calculate the greatest common factor of 2006752 and 4961.
11
Calculate the highest common divisor of 749931 and 16359.
861
Calculate the greatest common divisor of 2076 and 165503564.
692
Calculate the highest common divisor of 289433472 and 35328.
8832
What is the highest common divisor of 2527282 and 258?
86
Calculate the greatest common factor of 1212618 and 103356.
66
Calculate the highest common factor of 10323001 and 13.
13
Calculate the highest common divisor of 342 and 11495646.
342
Calculate the highest common divisor of 91 and 91448747.
13
Calculate the greatest common divisor of 223 and 37900411.
223
What is the greatest common factor of 7850556 and 756?
252
Calculate the highest common divisor of 31266 and 27882.
18
Calculate the greatest common factor of 232 and 34406441.
29
What is the greatest common factor of 4257 and 1849430?
473
Calculate the greatest common factor of 343629 and 58795803.
8811
Calculate the highest common factor of 78 and 207728261.
13
Calculate the greatest common factor of 30099238 and 338.
338
What is the highest common factor of 20711 and 10518804?
149
Calculate the greatest common factor of 52 and 41817022.
26
Calculate the highest common divisor of 6940 and 89120.
20
Calculate the highest common divisor of 610454 and 8704826.
1378
Calculate the greatest common factor of 8225 and 348975.
1175
Calculate the highest common divisor of 165 and 86651070.
165
Calculate the highest common divisor of 45103 and 69782.
851
Calculate the highest common divisor of 1084 and 332505076.
1084
Calculate the highest common divisor of 490553 and 56.
7
What is the highest common factor of 3511887 and 37788?
141
Calculate the greatest common factor of 460173 and 11424.
357
Calculate the greatest common factor of 278829 and 224181.
621
Calculate the highest common divisor of 4307726 and 239688.
6658
Calculate the greatest common factor of 1127300 and 32800.
100
Calculate the highest common divisor of 665 and 852635.
35
Calculate the greatest common factor of 7327413 and 477.
9
What is the greatest common divisor of 1330 and 4201090?
190
Calculate the greatest common divisor of 418 and 268226838.
418
Calculate the highest common divisor of 787550370 and 10.
10
Calculate the greatest common factor of 8660 and 2955658.
866
What is the greatest common divisor of 27 and 20969163?
9
What is the greatest common factor of 1200524 and 12?
4
Calculate the greatest common factor of 741313 and 334.
167
What is the greatest common divisor of 252 and 106560972?
252
Calculate the highest common divisor of 30723 and 16163.
7
What is the highest common divisor of